se 3) to base 11
-4309a
What is -4567624 (base 8) in base 10?
-1240980
What is -230033222011 (base 4) in base 16?
-b0fa85
Convert 4182103 (base 10) to base 5.
2032311403
Convert -7a09b9 (base 14) to base 4.
-33311121013
Convert -33125411 (base 6) to base 7.
-11266210
Convert -24412000 (base 5) to base 12.
-b23b9
-c7b6 (base 15) to base 4
-22110012
Convert 24411133 (base 6) to base 9.
1416733
112004466 (base 7) to base 14
c994a6
Convert 44741 (base 8) to base 5.
1101123
-48751b (base 12) to base 11
-7320a3
What is -3a735 (base 13) in base 2?
-11010100101010000
146260 (base 9) to base 11
61592
Convert 11251325 (base 6) to base 14.
91261
-1102100222202 (base 3) to base 10
-755237
718476 (base 11) to base 2
100011001100010111101
-103756 (base 9) to base 10
-61854
What is 33140301 (base 6) in base 16?
f264d
-10000110101001101 (base 2) to base 7
-404665
What is a7027 (base 11) in base 15?
3123b
1000020211010 (base 3) to base 4
2002331130
Convert 265476 (base 10) to base 13.
93ab3
Convert -2001002001 (base 3) to base 8.
-116326
What is 11a8b87 (base 12) in base 7?
41250502
-10211 (base 15) to base 14
-14895
What is 1246627 (base 9) in base 6?
22331124
What is 12030301211 (base 4) in base 2?
110001100110001100101
What is 2062472 (base 8) in base 11?
346414
Convert 273443 (base 8) to base 7.
546662
1002211122220002 (base 3) to base 7
251534552
-16c60 (base 13) to base 12
-21461
What is 105012225 (base 7) in base 12?
2166476
What is 1011221012222 (base 3) in base 15?
c638e
What is -152952 (base 11) in base 4?
-322013300
What is -3c3bcc (base 16) in base 10?
-3947468
What is 7169595 (base 10) in base 6?
413400323
What is 2322103 (base 9) in base 15?
19bb63
Convert -1374505 (base 13) to base 16.
-5dd86d
Convert 255041030 (base 6) to base 12.
1810176
-203023023 (base 4) to base 16
-232cb
What is -10000101100001100 (base 2) in base 3?
-10110210000
What is -13300221 (base 5) in base 7?
-1066641
What is -723ca (base 16) in base 11?
-29a607
What is -11022220210010 (base 3) in base 13?
-627618
-15044413 (base 6) to base 7
-4262223
-3998104 (base 11) to base 14
-cbb028
What is -123cc (base 14) in base 7?
-244145
Convert 210432140 (base 5) to base 15.
123e9a
11001101131 (base 4) to base 12
535651
What is -22111211222000 (base 3) in base 16?
-450873
What is 12104114 (base 5) in base 4?
123212022
What is 2263256 (base 8) in base 11?
390990
62140402 (base 7) to base 5
2313000130
What is 3114211342 (base 5) in base 14?
bc7762
What is 6489137 (base 11) in base 13?
2493255
Convert 203580 (base 9) to base 15.
25bac
Convert 22201110100120 (base 3) to base 2.
10001101011011110001111
What is 7240978 (base 10) in base 11?
40a6288
Convert -27212a (base 11) to base 12.
-187410
Convert 7401 (base 11) to base 5.
303202
Convert 1614179 (base 13) to base 8.
33033731
25374771 (base 8) to base 7
65615161
224110421 (base 5) to base 3
1220000001001
Convert 1330952 (base 10) to base 6.
44305452
-46098 (base 10) to base 9
-70210
Convert -212742 (base 10) to base 16.
-33f06
What is -40432 (base 9) in base 12?
-13485
Convert -19e27d (base 15) to base 13.
-352a3b
1083516 (base 9) to base 14
113a76
What is 442341 (base 5) in base 16?
3bf2
What is 30434102 (base 5) in base 7?
2055520
Convert -1110110111000001001 (base 2) to base 14.
-c9641
10120011112220 (base 3) to base 12
773506
What is 100101012021200 (base 3) in base 13?
105650a
What is 28368 (base 9) in base 14?
7039
What is -189818 (base 11) in base 2?
-1000111000101001001
261237 (base 9) to base 2
100110101010110101
What is -235864 (base 9) in base 4?
-202230310
What is 1112101212 (base 3) in base 2?
111010111100110
What is -163312 (base 8) in base 6?
-1133310
What is -112032331230 (base 4) in base 5?
-2443002320
1d023 (base 15) to base 3
11210200020
What is -7441515 (base 9) in base 13?
-a96307
What is -230ff8 (base 16) in base 10?
-2297848
What is -23210221302 (base 4) in base 11?
-1792302
What is -188a1a (base 11) in base 5?
-33240213
128ddd (base 14) to base 11
3a7399
2231030211 (base 4) to base 5
140200123
Convert -111714 (base 10) to base 4.
-123101202
Convert -276a27 (base 12) to base 14.
-130811
Convert 9197225 (base 10) to base 6.
525043425
What is -1465415 (base 7) in base 11?
-128195
What is -1000000111011010011000 (base 2) in base 5?
-1021040022
What is 1110011000 (base 4) in base 14?
8d70c
16215 (base 9) to base 16
2b67
What is -39d267 (base 14) in base 16?
-1e726b
Convert -2121001201122 (base 3) to base 13.
-393923
b2982 (base 15) to base 10
565772
-11001010101011000100 (base 2) to base 9
-1504666
Convert 107015 (base 13) to base 16.
5e682
What is -12420111 (base 6) in base 10?
-406987
-32130313 (base 4) to base 13
-20c32
What is 7816c (base 14) in base 15?
5b406
11045130 (base 6) to base 3
121220200000
-12165046 (base 7) to base 3
-2001110200011
7423518 (base 9) to base 6
221044542
What is 3850056 (base 9) in base 12?
853043
716b1 (base 13) to base 10
203282
Convert -110011010000100000111011 (base 2) to base 3.
-221021200002012
-18335 (base 13) to base 8
-133140
What is -727728 (base 10) in base 16?
-b1ab0
101101110101010000001 (base 2) to base 4
11232222001
1d5ef (base 16) to base 3
20010000200
What is 1431011132 (base 5) in base 2?
1110010111100010010001
101001101111100101 (base 2) to base 13
5ca95
What is 150113254 (base 6) in base 3?
12210221110221
-68914 (base 14) to base 5
-31113410
1010011110001101000 (base 2) to base 13
c0259
310278 (base 9) to base 14
4b069
What is 1030211 (base 6) in base 10?
50623
What is 277a8 (base 16) in base 11?
100544
Convert -123330331 (base 4) to base 13.
-40162
-654784 (base 9) to base 15
-7ab3d
What is -21202320 (base 5) in base 4?
-223210130
-10101001101001111 (base 2) to base 12
-42327
What is -1206594 (base 10) in base 5?
-302102334
What is 8345846 (base 9) in base 4?
101000223312
-1984b (base 13) to base 12
-24959
10000000100011001 (base 2) to base 14
19db3
Convert 498e9 (base 16) to base 13.
a71a1
What is -2852879 (base 12) in base 13?
-1897857
Convert -447615 (base 10) to base 7.
-3543000
What is 1130231013 (base 4) in base 6?
12045543
247d78 (base 16) to base 7
26220026
Convert -3100533 (base 6) to base 16.
-241e9
-28723 (base 11) to base 6
-512522
Convert 211242423 (base 5) to base 16.
d7d91
Convert -324b3 (base 15) to base 11.
-a9a86
Convert -101000122100101 (base 3) to base 16.
-5148d0
3320220 (base 5) to base 8
160330
5035362 (base 7) to base 6
20445310
What is -12256ba (base 12) in base 15?
-49c511
What is -17224517 (base 9) in base 14?
-120bb65
-10ea5 (base 15) to base 14
-15922
Convert 47017 (base 13) to base 10.
129643
-a38880 (base 13) to base 3
-21011221211021
Convert -121120011 (base 3) to base 15.
-389d
Convert -11303203 (base 6) to base 4.
-1111212303
Convert -93e37 (base 16) to base 8.
-2237067
58012 (base 13) to base 11
aa565
What is -3011235 (base 7) in base 13?
-c5c55
540356 (base 10) to base 11
339a83
Convert 122141452 (base 6) to base 8.
10746250
What is -1024030042 (base 6) in base 5?
-10232444411
-10001 (base 11) to base 6
-151442
4771b3 (base 12) to base 7
12541044
-13771b (base 12) to base 14
-861cb
Convert 2631b89 (base 12) to base 2.
11100101110100001011001
-83a19 (base 12) to base 14
-46c3b
Convert 3053785 (base 12) to base 7.
140035046
Convert -3395a (base 14) to base 10.
-125324
Convert -99819 (base 11) to base 2.
-100011010101100000
What is 16601d (base 14) in base 13?
2162b1
1000001010011010 (base 2) to base 8
101232
-331022402 (base 5) to base 7
-15046036
Convert -777604 (base 8) to base 15.
-52980
91757 (base 11) to base 10
134009
-205434234 (base 6) to base 3
-20211100022111
Convert 1166a15 (base 11) to base 4.
13233201212
What is -3112545 (base 7) in base 2?
-1011011000101111111
What is -130230033111 (base 4) in base 16?
-72c3d5
Convert 1011011010010011010000 (base 2) to base 12.
1003100
Convert -13224326 (base 8) to base 3.
-12120100202212
Convert -100000011010100000011100 (base 2) to base 4.
-200122200130
-4291228 (base 10) to base 2
-10000010111101010011100
Convert -44031533 (base 6) to base 13.
-36b760
What is 1440b3 (base 12) in base 9?
565700
Convert 111111111000101100 (base 2) to base 7.
2136622
12002210 (base 4) to base 14
9032
Convert 1540553 (base 7) to base 12.
a252b
What is -11000022202111 (base 3) in base 11?
-1226a08
What i